 divided by 9.
7
Let u = 20 + -56. Let j = u - -13. Let c = j - -41. What is the remainder when 33 is divided by c?
15
Let d = -98 + 174. Calculate the remainder when d is divided by (-1764)/(-112)*(-4)/(-3).
13
Suppose k = 8*k - 98. What is the remainder when 153 is divided by k?
13
Let y(i) = 2*i**2 + 4*i + 4. Let s be y(-5). Suppose 3*t = 3*c + 11 + 13, -5*c = -3*t + s. What is the remainder when 9 is divided by (3 - 1)*(t - 2)?
1
Suppose 6*k - 1630 = -502. Calculate the remainder when k is divided by 7.
6
Let p = -290 - -469. What is the remainder when p is divided by 37?
31
Suppose -96*u = -99*u + 21. What is the remainder when 20 is divided by u?
6
Suppose 3*r = 5*x + 41, -r + 0*x - 1 = 2*x. Suppose r = v - 92. Calculate the remainder when v is divided by 20.
19
Suppose 5*z = 6*z - 2. Suppose z*q - 132 = 3*d, 5*q - 3*d = -49 + 361. Calculate the remainder when q is divided by (-63)/(-15)*(-3 - -8).
18
Let z be -1 - ((-428)/(-14) + 30/70). Suppose 2*j - 7 = -35. Calculate the remainder when 31 is divided by (j/28)/(2/z).
7
Suppose 3*t = 6*t - 15. Let s = t + -1. Suppose 5*d = p + 11, -p - p - s = -4*d. What is the remainder when 15 is divided by p?
3
Let s = 339 + -283. What is the remainder when 91 is divided by s?
35
Suppose y = 2*p + 44, 5*p - 5*y + 85 + 25 = 0. Let m = p + 30. What is the remainder when 23 is divided by m?
7
Suppose -2340 = -17*z + 5*z. What is the remainder when z is divided by 49?
48
Suppose 5*s + 2*o = 3*s, 3*s = 3*o + 18. Suppose -110 = s*n - 8*n. What is the remainder when 42 is divided by n?
20
Let v(o) = 2*o - 9. Let t be v(7). Suppose u = t + 1. What is the remainder when 22 is divided by u?
4
Let m = 50 - -2. Let z = m + -9. Calculate the remainder when z is divided by 23.
20
Let d be -2 + (6 - 2) - (0 + 0). Suppose -5*c + 24 = w, 89 = 4*w - w - d*c. What is the remainder when w is divided by 6?
5
Calculate the remainder when (2 + -3)/(5*(-5)/1325) is divided by 24.
5
Let z = -85 + 127. Calculate the remainder when (2 - 1)/(2/z) is divided by 7.
0
Suppose j = -4*j - 3*m + 322, m = 2*j - 131. Let s = j - 54. Calculate the remainder when 20 is divided by s.
9
Suppose 16 = 9*o - 155. Suppose 10 = -o*r + 219. What is the remainder when r is divided by 7?
4
Suppose -4*w - 72 - 28 = 0. Let g = -5 - w. Calculate the remainder when g is divided by 7.
6
Let a(t) = 5*t**2 - 28*t - 4. Let w(u) = -5*u**2 + 29*u + 4. Let b(z) = 5*a(z) + 4*w(z). Calculate the remainder when 159 is divided by b(6).
31
Let s(i) = 2*i**2 + i + 4. What is the remainder when s(-3) is divided by ((-98)/21)/((-2)/3)?
5
Let m = -276 - -388. Suppose -3*g - 4*t = g - m, 0 = 3*g + 5*t - 86. Suppose -4*o + 3*o + 53 = 0. Calculate the remainder when o is divided by g.
26
Let x(a) = -a**2 - 11*a - 8. Let s be x(-10). Suppose s*o - 7*o + 70 = 0. Let n(h) = h**3 - 4*h**2 + 2*h. Calculate the remainder when o is divided by n(4).
6
Let w(a) = -4*a + 49. What is the remainder when 19 is divided by w(9)?
6
Suppose 3 + 7 = 2*s. Suppose -2*a + s*d = -56, -3 - 3 = -3*d. Suppose 2 = x - 10. Calculate the remainder when a is divided by x.
9
Let y(w) = 9*w**3 + 13*w**2 - 4*w - 1. Calculate the remainder when y(2) is divided by 17.
13
What is the remainder when 89 is divided by (-168)/392 + 59/7?
1
Suppose 8*v - 840 = -2*v. Suppose -w - 2*w + h = -204, -w = 5*h - v. What is the remainder when w is divided by 10?
9
Let n(k) = -5 - 1 + k + 1 - 5. Let x be n(10). Let p(u) = u + 14. What is the remainder when 39 is divided by p(x)?
11
Let i be (-2)/((-27)/(-12) + -2). Let a be i/6*(-135)/6. Suppose 3*b + 17 = f, -4*b - 8 - a = -2*f. What is the remainder when f is divided by 12?
11
Let y = 0 - 3. Let d = 7 + y. Suppose 26 = 3*f + l, 0 = -3*f + 2*l + l + 6. What is the remainder when f is divided by d?
3
Let b(y) = -5*y + 1. Let l(c) = -c**3 + 11*c**2 + 11*c + 7. Let t be l(12). Let d be b(t). Let p = d - -11. What is the remainder when p is divided by 20?
17
Let q(j) = j**2 + 4*j + 2. Let t be q(-3). Let p be (t - 2*10) + 0. What is the remainder when 27 is divided by 4/(-18)*p*3?
13
Suppose 5*o + 6 = -4*x, 0 = 3*x - 3*o - 9. Let n be (1/(-3))/((-4)/(-12)). Calculate the remainder when 23 is divided by (-12)/n + x + -1.
11
Suppose -3*a = 0, -3*t - 9 = -a + 2*a. Let i(g) = g**3 + 5*g**2 + 6*g + 2. Let k be i(t). What is the remainder when k - (-4 + (4 - 64)) is divided by 34?
32
Suppose 4*m + 144 = 2*u, -2*m + 200 = 2*u + u. Let q = -13 + 27. Calculate the remainder when u is divided by q.
12
Let p be -58 + (28/12 - (-6)/9). Let a = 9 - p. What is the remainder when a is divided by 22?
20
Suppose -7*u + 2*u = -25. Suppose -u*r + 6 = -2*r - 3*y, -3*r + 2*y = -9. Calculate the remainder when 7 is divided by r.
2
Suppose -2*x - 2*v = -74, 3*v = -3*x + 5*v + 116. What is the remainder when x is divided by 22?
16
Suppose 5*q - 95 = -20. Suppose -i - 31 = -103. Calculate the remainder when i is divided by q.
12
Let m(n) = n**2 + 19*n + 11. Let f be m(-19). Let y be 2/(-2)*(f + -2). What is the remainder when 8/(-6) - 156/y is divided by 6?
4
What is the remainder when 8/12*(212/8 - 1) is divided by 5?
2
Suppose -9*d + 472 = -8*d. Suppose 4*z + 0*z - d = 0. What is the remainder when z is divided by 20?
18
Let c = -543 + 841. Let i be c/3 - (-3)/(-9). Suppose -2*j - 25 + i = 0. What is the remainder when j is divided by 10?
7
Suppose 0 = -4*z - u, 4*z - 2*u = -7*u. Suppose r + 0*m + m + 14 = z, 2*m = 2. Let p = r - -35. Calculate the remainder when 37 is divided by p.
17
Suppose -7*r + 270 = 900. Let j be 1*-7*54/(-63). What is the remainder when 42 is divided by r/(-4)*4/j?
12
Let u = -4881 + 5000. Suppose -t + 14 = 2*c, -3*t + 0*t + 4*c + 32 = 0. What is the remainder when u is divided by t?
11
Suppose f - 48 = -12*z + 15*z, 3*f - 79 = -4*z. Calculate the remainder when 179 is divided by f.
14
Let w(d) = -d**3 - 11*d**2 + 103*d + 27. Suppose 2*o - 6 = 4, -2*z - o = -9. Suppose -5*t + 18 + z = 0. Calculate the remainder when w(-17) is divided by t.
2
Let z = 41 + 34. Let t = 88 - z. Calculate the remainder when 50 is divided by t.
11
Suppose -188 + 174 = -2*c. Let s = -33 + 65. What is the remainder when s is divided by c?
4
Let i = 9 - -18. Suppose 2*z = -6*z + 128. What is the remainder when i is divided by z?
11
Suppose -p - 943 = -5*z - 2*p, 384 = 2*z - 3*p. What is the remainder when z is divided by 24?
21
Let a(g) = -g**3 + 5*g**2 + 5*g. Suppose -b - 3*b - 24 = 0. What is the remainder when 642/18 - (-4)/b is divided by a(-2)?
17
Let i(m) = 14*m + 1. Let b be i(-1). Let p = -9 - b. Suppose 0 = 5*t - 0*t + 4*r - 198, 0 = 3*t + p*r - 114. What is the remainder when t is divided by 15?
12
Let c = -9 - -12. What is the remainder when 5*(-1)/(5/(-13)) is divided by c?
1
Calculate the remainder when 6/4 + (-45)/(-18) is divided by (-8)/6*(-6)/4.
0
Suppose -4*w - 37 + 807 = -3*r, 382 = 2*w - 3*r. Calculate the remainder when w is divided by 18.
14
Let n = -18 - -39. Let i(a) = 4*a**3 - 2*a**2 - a. Let f be i(-1). Calculate the remainder when n is divided by f - -5 - 22/(-2).
10
Suppose -98 = 173*d - 180*d. Let a(h) = 2*h**2 + 3*h + 6. What is the remainder when a(-5) is divided by d?
13
Let q(t) = 4*t**2 - 10. Let l be q(5). Let j be 2/5 + 954/l. Suppose -j*u - 15 = -14*u. Calculate the remainder when u is divided by 3.
2
Suppose 3*k - 3*w - 312 = 78, 0 = -2*k - 4*w + 290. Calculate the remainder when k is divided by 46.
43
Calculate the remainder when 134 is divided by -9 + 3 + 3 + 304/8.
29
Let m = -26 - -41. Calculate the remainder when 27 is divided by 4 - 1/((-5)/m).
6
Suppose 165*q - 170*q - 83 = -2*p, -260 = -5*p + 2*q. Calculate the remainder when 101 is divided by p.
47
Suppose -73 = -4*b + 3*d + 2*d, b = d + 19. What is the remainder when 365 is divided by b?
13
Suppose -9*u + 2*u = -126. Suppose 0 = -2*k - k - 39. Let c = k + u. Calculate the remainder when c is divided by 1.
0
Let a = 2 + -10. Let h(j) = j**2 + 3*j + 9. Suppose -p + 72 = 3*f, -6*p + 63 = 3*f - 2*p. Calculate the remainder when h(a) is divided by f.
24
Suppose 0 = -5*b + 2 + 18. Suppose b*y + 33 = w, -57 = -3*w - 4*y + 26. Suppose -4*n + 3*n + 113 = 0. What is the remainder when n is divided by w?
26
What is the remainder when (72 - 4/2)/((-19)/(-38)) is divided by 49?
42
Suppose -3*d + d = w - 